d 140.
35
Let d(w) = 2*w**2 - 19*w + 11. Let r be (-9 - 9)*(-1)/2. Let j be d(r). Let y = 10 + -2. What is the highest common factor of y and j?
2
Let n(l) = -2*l**2 + 25*l + 213. Let i be n(14). What is the greatest common divisor of i and 741?
57
Suppose -g = -4*w + 72, -138 = -3*w + g - 83. Calculate the greatest common divisor of 1003 and w.
17
Let q(x) = -x**2 + 20*x + 8. Let b be q(13). Calculate the highest common factor of b and 27.
9
Let x(r) = 16*r**3 - 2*r**2 + 16*r - 13. Let s be x(1). Let n be (-4)/22 + (-8425)/(-55). What is the greatest common divisor of n and s?
17
Let v(x) = 6*x**2 - x - 1. Let y be v(-3). Let u be ((-8)/(-1))/((-5)/25). Let l = u - -54. What is the highest common factor of y and l?
14
Let u(l) = -l**3 - 28*l**2 - 4*l - 12. Let i be u(-28). What is the greatest common factor of i and 25?
25
Suppose 27 = n - 4*b + 2*b, 4*n - 132 = 2*b. Let m be (-4)/14 - (-4315)/n. Let j = 186 - m. What is the greatest common divisor of j and 7?
7
Let m(w) = 9*w - 12. Let k be m(3). Suppose -8*n = -k*n + 126. What is the highest common divisor of 144 and n?
18
Let j(x) = x**2 + 11. Let h be (-45)/((-44)/8 - -4). Let p = -40 + h. Let t be j(p). Calculate the highest common factor of t and 37.
37
Suppose -2*s + 83 + 41 = 4*c, -s - 4 = 0. What is the highest common factor of c and 77?
11
Suppose -v - 3 + 9 = -3*u, -v = -4*u - 1. Calculate the greatest common factor of 77 and v.
7
Suppose -v + 8 + 4 = 0. Suppose 0 = 3*t - w + 3*w + 2, 0 = 4*t - w - v. Let q = -7 - -9. Calculate the greatest common factor of q and t.
2
Let o be (-22)/(-4) - (-3)/(-2). Suppose -z + 4*z - 2 = h, -o*z = -2*h. Suppose -h*v - 5 = -5*v. Calculate the greatest common factor of 25 and v.
5
Suppose 0 = -6*v + 1450 - 1396. Let t(y) = -y**3 - 2*y**2 + 3*y + 3. Let j be t(-5). What is the highest common divisor of j and v?
9
Let l = 51 + -29. Let z be (16/2)/4*11. What is the highest common divisor of z and l?
22
Suppose -2*w + 1296 = 5*a + 204, 0 = 3*a. Calculate the highest common factor of 14 and w.
14
Let b(m) = 7*m**2 + m. Let n be (-10)/(-6) + 3/9. Let w be b(n). Suppose 1 = x - 5. Calculate the highest common factor of w and x.
6
Let f = 33 - 28. Suppose 0 = -f*g + 90 + 185. Calculate the greatest common divisor of g and 22.
11
Let r = -24 + 32. Suppose 0 = -f - 4*o + 7, 4*f = r*f - o - 28. Calculate the greatest common divisor of f and 1.
1
Let g = -186 - -223. Calculate the highest common factor of 962 and g.
37
Let j(t) = t + 28. Let i(b) = 7. Let d(n) = 9*i(n) - 2*j(n). Let h be d(2). Calculate the highest common divisor of 2 and h.
1
Let d be 2/(((-3)/(-3))/2). Suppose 2*z + 4*m = 6*z, -4 = -2*m. Suppose l - 2*l = -o + 33, z*o - l = 61. Calculate the greatest common divisor of d and o.
4
Suppose 2*t = 8 + 72. Let l(j) = -10*j - 194. Let v be l(-21). Calculate the greatest common factor of v and t.
8
Suppose -3*x = -x - 44. Let j = -930 + 932. Calculate the highest common factor of j and x.
2
Let m = -51 - -52. Let s be (-1)/(m/(-2)) - -10. What is the highest common factor of 4 and s?
4
Suppose 6 = 4*t + 2. Suppose -16*a = -209 + 17. Let r be t + a + 8 + -11. Calculate the highest common divisor of r and 2.
2
Suppose 2*j + 174 = 3*p - 134, 0 = 4*p + j - 407. Calculate the highest common divisor of 68 and p.
34
Suppose -11 = -o - 9. Suppose 4*k = 3*j + 10, -k + o = 3*j + 7. Calculate the greatest common divisor of k and 1.
1
Suppose -4*w + 11259 = -1285. Let d be (w/(-70))/(1/5). Let j = -140 - d. What is the highest common divisor of 28 and j?
28
Let w be (-12)/8*8/(-4). Suppose 4*r - 21 = -5*h, 0 = 2*r + w*h - h - 12. Calculate the greatest common divisor of 9 and r.
9
Let h be 3 + 85 + (6 - 2). Calculate the highest common divisor of 4 and h.
4
Suppose 25*r - 19*r - 162 = 0. Calculate the greatest common divisor of 12 and r.
3
Let s(f) = -344*f - 100. Let n be s(-1). Calculate the highest common factor of 4 and n.
4
Let x(k) = -2*k - 15. Let c be x(-20). Calculate the greatest common divisor of 150 and c.
25
Suppose 104 = 4*f + 4*r, -3*f - 3*r = -2*r - 82. What is the greatest common divisor of 172 and f?
4
Let h = 101 - 40. Let f = h - 5. Calculate the greatest common divisor of 7 and f.
7
Let x = -2363 + 2859. What is the highest common factor of x and 64?
16
Let y = -115 + 128. What is the greatest common factor of 208 and y?
13
Let c(i) = -2*i**2 - 2*i + 45. Let v be c(0). Let m be 125/10*(-6)/(-5). What is the greatest common factor of v and m?
15
Let p(n) = -2*n + 46. Let x be p(20). Let a(g) = g**2 - 5*g + 4. Let r be a(x). What is the highest common divisor of r and 40?
10
Let z(m) = -m**3 - 10*m**2 - 13*m - 11. Let f be z(-9). What is the highest common divisor of 25 and f?
25
Suppose -3*s + 1 = -4*s. Let q be 1*25 - 3/s. What is the highest common divisor of 42 and q?
14
Let d be (-48)/60*10/4. Let h = 3 - d. Let o = h - -1. What is the highest common divisor of o and 6?
6
Suppose 12*x - 8*x + 2523 = 5*u, 2037 = 4*u + 3*x. Calculate the greatest common divisor of u and 3.
3
Let c(l) = l + 4. Let j be c(7). Suppose 4*z - 1 = j. Suppose h = 12 + 3. Calculate the greatest common divisor of z and h.
3
Let p = 585 - 572. Calculate the highest common divisor of 8 and p.
1
Suppose -n + 255 = -0*a - a, 0 = 4*n - 2*a - 1014. What is the highest common divisor of n and 36?
36
Suppose -b - 12 - 22 = 0. Let s = -750 - -806. Let y = s + b. Calculate the highest common factor of y and 88.
22
Suppose -20*s + 96 = -17*s. Calculate the greatest common factor of 40 and s.
8
Let z = 1308 - 1266. Calculate the highest common factor of 406 and z.
14
Let y be -1 - (-34 - (4 - 2)). Suppose -5*p = -4*g - 47, -2*p - g + 11 = -0*g. Calculate the greatest common factor of p and y.
7
Let w(m) = m**3 + 9*m**2 + 11*m + 21. Let f be w(-7). Calculate the highest common factor of f and 24.
6
Let m(j) = -2*j**3 + 3*j**2 + 6*j + 3. Let h be m(-3). Calculate the highest common divisor of h and 594.
66
Let s be (39/(-4))/((-9)/24). Suppose -s*i + 22*i = -88. What is the highest common factor of i and 22?
22
Let y be (-2)/(2 - ((-45)/(-24) - 0)). Let t(v) = -v**2 - 21*v + 24. Let q be t(y). Calculate the highest common factor of 8 and q.
8
Suppose 3*q + 6 = 0, z - 2*q - 178 = 3*q. Let w = -87 + z. What is the greatest common divisor of w and 9?
9
Let r = 437 - 413. Calculate the highest common factor of 2316 and r.
12
Let p(l) = l**2 - 26*l + 158. Let u be p(24). What is the greatest common divisor of 70 and u?
10
Let s = 2 - -8. Suppose 88 - s = 6*l. What is the highest common divisor of l and 13?
13
Let h be (-1962)/(-27) - 2/3. What is the greatest common divisor of h and 468?
36
Let u = -228 - -258. What is the greatest common divisor of u and 18?
6
Let m be -4*(-4)/(-16)*-376. Calculate the greatest common factor of m and 8.
8
Suppose -16*g + 182 - 6 = 0. Calculate the greatest common factor of g and 352.
11
Let u(q) = q**3 + 30*q**2 - 34*q - 33. Let a be u(-31). What is the highest common divisor of 264 and a?
12
Suppose -18361 = -78*z - 7051. Let x be 54 - 4/(0 + -2). Suppose -5*k + 40 = 2*a - 23, 0 = 2*a - 2*k - x. What is the highest common divisor of a and z?
29
Let q(r) = 4*r**2 + 3*r + 1. Let a be q(-2). Let g = -7 + 16. Suppose 0*x + 693 = g*x. Calculate the highest common factor of x and a.
11
Let w = 93 + -147. Let x = w - -82. What is the greatest common factor of 56 and x?
28
Suppose 58*u - 53*u = 2800. Calculate the greatest common factor of u and 70.
70
Let f(r) be the first derivative of r**4/4 + 2*r + 1. Let g be 1/7 + (5 - (-48)/(-42)). Let v be f(g). Calculate the greatest common divisor of 6 and v.
6
Suppose 3 + 0 = i. Let u = -59 - -111. Let h = i + u. What is the greatest common divisor of h and 22?
11
Suppose -c + 2024 = 2016. Let v(p) = -p**2 + 7*p. Let q be v(5). Let o be (1 - -3)*(-2 + q). Calculate the highest common factor of c and o.
8
Suppose -3*p + 641 = -3*k + 8*k, 0 = -2*p - 2*k + 430. What is the highest common divisor of 7 and p?
7
Let i be (60/16)/((-9)/(-24)). Let l be 84/i + (-32)/80. What is the highest common divisor of l and 88?
8
Let w(m) = 4*m**2 + 10*m + 5. Let d be w(-11). Suppose d = 4*a + y, 3*a - 6*y + y - 290 = 0. Calculate the greatest common divisor of 19 and a.
19
Let c(l) be the first derivative of l**2 - 6*l + 16